2*z**2 - 4*z + 13*z**2 + 8. Let m be (-3)/9 - 44/(-6). Calculate y(m).
1
Let u(n) = -17*n**3 - 3*n**2 + 3*n - 3. Let f(j) = -1344*j**3 - 238*j**2 + 238*j - 238. Let v(a) = -6*f(a) + 476*u(a). Give v(-1).
28
Let k(b) = -b + 11. Suppose -3*m + 4*m = 4*m. Suppose -4*c + 2*y = -38, m = -4*c - y + 6*y + 47. Calculate k(c).
3
Let b(r) = r**2 - 4*r - 3. Let o(a) = a**2 - 3*a. Let k be o(4). Suppose -6*i + k = -4*i. Suppose -i*l + 30 = 3*l. Give b(l).
9
Let x(d) = -3*d + 3. Let r(o) = -2*o + o + 3*o + 6 - 8. Let z(b) = -5*r(b) - 4*x(b). Give z(2).
2
Let r(u) = 2*u**2 - 3*u + 1. Let n be (3 + (-21)/3)/1. Let z(a) = -a**3 - 4*a**2 - a + 1. Let x be z(n). Let g be ((-12)/(-15))/(2/x). Determine r(g).
3
Let r be (-8)/6*(-33)/11. Let h(f) = -2*f - 12. Let p(z) = 3*z + 23. Let x(l) = 5*h(l) + 3*p(l). Determine x(r).
5
Let k = 4 + -2. Let m(w) = 3*w**2 + 2*w**2 + w**k + w + 0*w. Let i = -4 + 3. Determine m(i).
5
Let g be (-45)/(-3)*3/9. Suppose -g*k = 0, 5*h + 0*k + 15 = -2*k. Let m(l) = -l**3 - 4*l**2 - 2*l. What is m(h)?
-3
Let h be ((-9)/(-6))/(9/(-60)). Let b(v) = v**3 + 9*v**2 - 9*v + 5. Let r be b(h). Let x(f) = f**2 + 3*f - 5. Give x(r).
5
Let u(y) = y**3 + 2*y**2 + 4*y + 2. Let s be 8/(-4) + (4 - 2). Suppose s = 3*l + 6 - 0. What is u(l)?
-6
Let n(w) be the second derivative of w**5/120 + w**4/24 - 7*w**3/3 - 18*w. Let g(r) be the second derivative of n(r). Suppose 2 = 4*q - 2*q. Calculate g(q).
2
Let a(c) = -2*c - 5*c**2 - 2799 + 3*c**3 - 2*c**3 + 2804. What is a(5)?
-5
Let o(s) be the first derivative of s**4 - 346. What is o(-1)?
-4
Let t(r) = -4*r**2 - r - 8. Let a(d) = 3*d**2 + 5*d + 7. Let j(y) = 3*a(y) + 2*t(y). Calculate j(-12).
-7
Let c be (-6)/(-4) - 14/(-4). Let k(g) = 10*g**3 - c - 15*g**3 - g**2 + 3 + 3. Determine k(1).
-5
Let l be (45/(-10) + 5)/(6/24). Let a(c) = c - 2. What is a(l)?
0
Let h(z) = -5*z + 1. Let g be h(0). Let i(a) = 5*a**2 + 7*a + 6. Let u(l) = -l**2 + l + 1. Let r(j) = g*i(j) - 5*u(j). Give r(-1).
9
Let i be ((0 - -1)*(-7 + 1))/(-2). Let y(o) = 1 + 0*o**3 + 0*o**2 + o**i - 3*o - o**2 + 2*o**2. Suppose 2 = 2*b - b. Calculate y(b).
7
Let j(q) be the first derivative of -q**2 - 4*q - 1 + 1/3*q**3. Let f be j(3). Let o(t) = -11*t**3 + t + 1. What is o(f)?
11
Let d = -62 - -70. Let c(t) = -4*t**2 + 7*t + d + 5*t**2 - 4. What is c(-5)?
-6
Let u be ((-3)/(-1 + 0))/(-4 + 5). Let d(p) be the third derivative of 1/60*p**5 + 0 + 1/8*p**4 - p**2 + 0*p - 2/3*p**u. Determine d(-4).
0
Let b = -24 - -17. Let a(l) be the third derivative of -l**6/120 - 7*l**5/60 - l**4/24 - 7*l**3/6 + 7*l**2 - 18. Give a(b).
0
Let z(b) = b**3 + 2*b**2 - 2*b - 8. Let x(a) = -a**3 - 3*a**2 + 2*a + 9. Let q(y) = -5*x(y) - 6*z(y). Suppose -4*i - r + 4 = -5*r, -3*i - r = -11. What is q(i)?
9
Let k(s) be the second derivative of -s**4/12 - 7*s**3/6 - 3*s**2 + 21*s - 5. Suppose 5*h + 15 = o, o + 2*o = -2*h - 6. Suppose 2*v + o + 8 = 0. What is k(v)?
6
Let y(w) = w**2 + 49*w - 110. Let n be y(-51). Let g(x) = -2*x - 10. What is g(n)?
6
Let g be 12/20 + (-1)/10*-94. Let z be (-2)/(-10) - 2/g. Let c(t) = t**3 + t + 3. Calculate c(z).
3
Let r(l) = -l**2 + 2*l + 24. Let d be r(8). Let x be 4 - d/6*-2. Let z(j) = j**3 + 4*j**2 - 1. Determine z(x).
-1
Let r(h) = h**3 + 7*h**2 + 4*h + 20. Suppose 2645*o - 2635*o = -70. Give r(o).
-8
Suppose n + 2*d + 0*d + 3 = 0, 0 = -3*n - d + 1. Let m(b) = -105*b + 47*b + 56*b. Calculate m(n).
-2
Let j be 0/(2 + -2 + -2). Let x be (-2 - -2 - -1)*j. Let u(r) = x - r**2 + 0 - 2*r + 2 + 3. Calculate u(-5).
-10
Let k(p) = 2*p + 8. Let h be k(0). Let c(i) = 3*i - 17. Let l be c(7). Suppose -h*r + 24 = -l*r. Let q(j) = j**3 - 7*j**2 + 7*j - 3. Calculate q(r).
3
Let d = -551 - -547. Let u(j) = j**2 - j - 1. Let k(b) = -b**2 + 3*b + 1. Let p(s) = -k(s) - 2*u(s). Determine p(d).
-11
Suppose 4*v = 2*a + 12, -4*v - 5*a + 10 = -30. Suppose -v = -4*b + 7. Let w(k) = 2*k - 3. Calculate w(b).
3
Suppose -2*x + 208 = 198. Suppose -2*j + p = 3*j - 13, -x*p = -2*j + 19. Let u(r) = -4*r**3 + 3*r**2 - 2. Give u(j).
-22
Let f(j) = -3*j + 5*j + 5649*j**2 - 5648*j**2 + j**3. Calculate f(2).
16
Let i(d) = 16*d**2 - 4*d + 4 - 13*d**2 - 3. Let x(c) = -2*c**2 + 4*c. Let h(v) = -3*i(v) - 4*x(v). Let q(p) be the first derivative of h(p). Calculate q(3).
-10
Let p(t) = 26*t - 50. Let i be p(2). Let f(q) = 2*q**3 - q**2 - 3*q + 1. What is f(i)?
7
Let q(x) be the second derivative of x**3/6 - 11*x**2/2 + 67*x - 1. What is q(0)?
-11
Suppose -3*d + d + 8 = 0. Suppose 0 = -d*l - 5*w + 30, -4 - 4 = -4*w. Let h(n) = -5*n**2 - 2*n - n**3 + l*n - 5*n + 1 + 0*n. Give h(-3).
-11
Let v(j) = -20*j**2 - 42*j + 7. Let d(n) = 9*n**2 + 21*n - 3. Let u(q) = -9*d(q) - 4*v(q). Determine u(-21).
-1
Let r(o) = -4*o - 3. Let n be r(-2). Let k = n + -1. Let l(b) = -1 - b**3 + 2*b**2 + 0*b**2 + 0 - 2 + k*b. Calculate l(3).
0
Let z(s) = -s**3 + 9*s**2 + 1 + 11*s**2 - 26*s**2 + 2*s + 4*s**2. Suppose -4*o - 22 + 10 = 0. Give z(o).
4
Suppose -z + 3*u - 45 = -4*z, 5*z - 2*u - 75 = 0. Let a = 13 - z. Let k be 1/(a/10) + 2. Let i(c) = -c**3 - 3*c**2 - c - 1. What is i(k)?
2
Let t(p) = -7*p**2 - 20*p - 93. Let o(h) = -2*h**2 - 7*h - 27. Let w(m) = 10*o(m) - 3*t(m). Let q be (0 + -1)/(2/(-12)). Give w(q).
-15
Suppose -b = -4 + 1. Let j = -3 - -5. Let w(z) = 3*z**b - 3*z + 0*z**j - 4*z**2 - 2*z**3 - 5. Calculate w(5).
5
Let x(k) = k**2 + k + 9. Let d = -285 + 290. Give x(d).
39
Let q(b) = -b**2 + 2*b + 18. Let y be (13 + -7)*(0 + 1). What is q(y)?
-6
Let z(s) = s**2 - s - 2. Let o(c) = -c**3 - 4*c**2 + 4. Let j be o(-3). Suppose 5*t + 11 + 14 = 0. Let v = j - t. Determine z(v).
-2
Let p(b) = 5*b**3 + 37*b**2 + 5*b + 8. Let h(z) = -11*z**3 - 79*z**2 - 10*z - 17. Let i(a) = -6*h(a) - 13*p(a). Give i(8).
22
Let r(l) = l**3 + 16*l**2 - 16*l + 11. Let p be r(-17). Let z(x) = -x - 8. Let k(h) = 1. Let b(s) = -5*k(s) - z(s). Calculate b(p).
-3
Let f(u) = -u**2 + 6*u - 5. Let q be -7 + (-3 - -1) - 2. Let g = -7 - q. Give f(g).
3
Suppose n - 48 = -4*j, -5*j - 44 = -0*n - 2*n. Suppose -3*t = -6*t - 5*i + 24, 4*t + 2*i = n. Let h(z) = -z + 10. Calculate h(t).
2
Let h(k) = -3*k**2 - 4 + 4*k**2 + 3 - 6*k. Suppose 8*s + 27 - 83 = 0. Calculate h(s).
6
Let o(n) = -n + 7. Let v be o(5). Suppose -4 = -2*m, -2*m - 5 = 3*f - 24. Suppose 0 = f*r - v*d - 36, r - 3*r = -d - 15. Let p(h) = -2*h + 2. Determine p(r).
-10
Let s(t) = -66*t**3 - 8*t**2 - 7*t - 11. Let a(i) = 13*i**3 + i**2 + i + 1. Let h(r) = 5*a(r) + s(r). Let z = -14 - -10. Calculate h(z).
18
Let m be (-525)/(-45) - (-2)/(-3). Let z(q) = 14*q**3 - 11*q - 17. Let j(u) = -5*u**3 + 4*u + 6. Let n(y) = m*j(y) + 4*z(y). Calculate n(2).
6
Let c be (-22)/26 - 12/78. Let b = -8 + 10. Let o(k) = -4*k + k + 4*k**2 + 7*k**b + 2*k - 1. Calculate o(c).
11
Let g(o) be the third derivative of -o**4/24 - 7*o**3/2 - 17*o**2 + 1. Determine g(-18).
-3
Let q(f) be the third derivative of -f**5/15 + f**4/6 - 2*f**3/3 - 802*f**2. Give q(1).
-4
Suppose 72 = 107*u - 119*u. Let v(k) = -5*k - 34. Determine v(u).
-4
Let l(y) = -y**2 + 10*y - 7. Let b = -496 + 508. Calculate l(b).
-31
Suppose 4*l - z = -1 + 11, -4*l - 5*z = 2. Suppose -4 = -h - 3*h. Let q(m) = -5*m + 10*m + 2 + h - 1. Determine q(l).
12
Let k(g) be the second derivative of g**4/3 + 2*g**3/3 - 13*g**2/2 - 27*g. Let n(a) be the first derivative of k(a). What is n(-3)?
-20
Let y(l) be the third derivative of -l**4/24 - l**2. Let m(g) = -g**2 - 11*g - 8. Let u be m(-12). Let a = 20 + u. Give y(a).
0
Let w(r) be the first derivative of -43 - 5/3*r**3 - 1/2*r**2 - 5*r - 1/4*r**4. Let b = 0 + -5. Calculate w(b).
0
Let n(r) be the third derivative of -r**6/120 - r**5/30 + r**4/12 + r**3/6 + 62*r**2 + 1. Calculate n(-3).
4
Suppose 32 = t - 5*t. Let y(f) = -87035 - 2*f + 8*f**2 + f**3 + 6*f - 2*f + 87033. Give y(t).
-18
Let t = 176 - 182. Let a(x) = -x**3 - 6*x**2 + 5*x + 2. What is a(t)?
-28
Let m(h) be the first derivative of 3*h**2/2 - 51. Let k(g) = 0*g + g + g. Let u(t) = -5*k(t) + 3*m(t). What is u(3)?
-3
Let y be (-60)/(-4)*6/(-10). Let d(u) = -u**3 - 9*u**2 - 2*u + 2. Let z be d(y). Suppose 0 = 3*k + 2*k - z. Let v(t) = t - 2. Determine v(k).
2
Let q(m) = -10*m**3 - 26*m**2 + 42*m + 87. Let v(t) = -3*t**3 - 9*t**2 + 14*t + 29. Let u(b) = -2*q(b) + 7*v(b). Determine u(-12).
5
Let i(l) = -4*l**3 - 9*l**2 - 3*l + 3. 